Calculate the remainder when 44 is divided by 16.
12
What is the remainder when 222 is divided by 142?
80
What is the remainder when 356 is divided by 92?
80
What is the remainder when 3761 is divided by 57?
56
Calculate the remainder when 24 is divided by 10.
4
What is the remainder when 517 is divided by 87?
82
What is the remainder when 2049 is divided by 18?
15
Calculate the remainder when 3 is divided by 2.
1
Calculate the remainder when 143 is divided by 24.
23
What is the remainder when 23 is divided by 6?
5
Calculate the remainder when 471 is divided by 136.
63
Calculate the remainder when 1557 is divided by 30.
27
Calculate the remainder when 1758 is divided by 110.
108
Calculate the remainder when 182 is divided by 24.
14
Calculate the remainder when 206 is divided by 19.
16
Calculate the remainder when 261 is divided by 8.
5
Calculate the remainder when 577 is divided by 29.
26
Calculate the remainder when 731 is divided by 41.
34
What is the remainder when 3105 is divided by 1550?
5
What is the remainder when 556 is divided by 181?
13
Calculate the remainder when 1407 is divided by 20.
7
What is the remainder when 54 is divided by 36?
18
Calculate the remainder when 156 is divided by 72.
12
Calculate the remainder when 128 is divided by 31.
4
What is the remainder when 10 is divided by 4?
2
Calculate the remainder when 24 is divided by 20.
4
What is the remainder when 85 is divided by 18?
13
Calculate the remainder when 135 is divided by 35.
30
Calculate the remainder when 857 is divided by 44.
21
Calculate the remainder when 82 is divided by 43.
39
What is the remainder when 765 is divided by 43?
34
What is the remainder when 287 is divided by 28?
7
Calculate the remainder when 137 is divided by 112.
25
What is the remainder when 12766 is divided by 168?
166
What is the remainder when 25 is divided by 9?
7
What is the remainder when 73 is divided by 38?
35
What is the remainder when 103 is divided by 89?
14
What is the remainder when 1233 is divided by 65?
63
Calculate the remainder when 185 is divided by 16.
9
Calculate the remainder when 16 is divided by 3.
1
What is the remainder when 588 is divided by 130?
68
Calculate the remainder when 4483 is divided by 42.
31
Calculate the remainder when 750 is divided by 16.
14
Calculate the remainder when 47 is divided by 15.
2
What is the remainder when 73470 is divided by 164?
162
What is the remainder when 447 is divided by 15?
12
What is the remainder when 1211 is divided by 28?
7
What is the remainder when 2364 is divided by 55?
54
Calculate the remainder when 1005 is divided by 18.
15
Calculate the remainder when 261 is divided by 53.
49
Calculate the remainder when 6448 is divided by 24.
16
What is the remainder when 310 is divided by 85?
55
What is the remainder when 1360 is divided by 192?
16
Calculate the remainder when 1310 is divided by 36.
14
Calculate the remainder when 24 is divided by 11.
2
Calculate the remainder when 1942 is divided by 31.
20
Calculate the remainder when 1524 is divided by 191.
187
Calculate the remainder when 2782 is divided by 58.
56
What is the remainder when 647 is divided by 211?
14
Calculate the remainder when 262 is divided by 70.
52
Calculate the remainder when 163 is divided by 15.
13
What is the remainder when 3105 is divided by 74?
71
Calculate the remainder when 1041 is divided by 25.
16
Calculate the remainder when 100 is divided by 54.
46
Calculate the remainder when 112 is divided by 112.
0
What is the remainder when 956 is divided by 468?
20
Calculate the remainder when 425 is divided by 185.
55
What is the remainder when 9 is divided by 8?
1
What is the remainder when 5331 is divided by 14?
11
Calculate the remainder when 704 is divided by 141.
140
What is the remainder when 1013 is divided by 240?
53
Calculate the remainder when 3488 is divided by 18.
14
Calculate the remainder when 71 is divided by 26.
19
What is the remainder when 88 is divided by 23?
19
Calculate the remainder when 7438 is divided by 62.
60
Calculate the remainder when 75 is divided by 24.
3
What is the remainder when 72 is divided by 17?
4
Calculate the remainder when 2346 is divided by 4.
2
What is the remainder when 191 is divided by 100?
91
Calculate the remainder when 70 is divided by 9.
7
What is the remainder when 763 is divided by 9?
7
Calculate the remainder when 825 is divided by 18.
15
What is the remainder when 2797 is divided by 200?
197
Calculate the remainder when 156 is divided by 43.
27
What is the remainder when 601 is divided by 149?
5
What is the remainder when 13601 is divided by 223?
221
What is the remainder when 419 is divided by 209?
1
What is the remainder when 66 is divided by 4?
2
What is the remainder when 36325 is divided by 38?
35
What is the remainder when 126 is divided by 27?
18
What is the remainder when 96 is divided by 33?
30
What is the remainder when 463 is divided by 17?
4
Calculate the remainder when 494 is divided by 241.
12
What is the remainder when 85 is divided by 5?
0
Calculate the remainder when 438 is divided by 55.
53
Calculate the remainder when 403 is divided by 45.
43
What is the remainder when 1132 is divided by 21?
19
What is the remainder when 1013 is divided by 73?
64
What is the remainder when 723 is divided by 12?
3
What is the remainder when 1394 is divided by 696?
2
What is the remainder when 24111 is divided by 8034?
9
What is the remainder when 171 is divided by 160?
11
What is the remainder when 781 is divided by 9?
7
Calculate the remainder when 170 is divided by 68.
34
Calculate the remainder when 128 is divided by 51.
26
Calculate the remainder when 549 is divided by 92.
89
Calculate the remainder when 90 is divided by 17.
5
What is the remainder when 322 is divided by 110?
102
What is the remainder when 1343 is divided by 39?
17
What is the remainder when 74 is divided by 11?
8
Calculate the remainder when 2387 is divided by 2374.
13
Calculate the remainder when 820 is divided by 64.
52
What is the remainder when 2054 is divided by 121?
118
What is the remainder when 83 is divided by 40?
3
What is the remainder when 268 is divided by 58?
36
What is the remainder when 1140 is divided by 163?
162
What is the remainder when 1428 is divided by 13?
11
What is the remainder when 5637 is divided by 31?
26
What is the remainder when 350 is divided by 259?
91
What is the remainder when 326 is divided by 22?
18
What is the remainder when 195 is divided by 31?
9
What is the remainder when 1867 is divided by 46?
27
Calculate the remainder when 306 is divided by 31.
27
Calculate the remainder when 58 is divided by 33.
25
What is the remainder when 4262 is divided by 147?
146
Calculate the remainder when 690 is divided by 175.
165
Calculate the remainder when 1510 is divided by 14.
12
Calculate the remainder when 988 is divided by 244.
12
Calculate the remainder when 1197 is divided by 70.
7
What is the remainder when 349 is divided by 187?
162
Calculate the remainder when 15229 is divided by 56.
53
What is the remainder when 12028 is divided by 21?
16
Calculate the remainder when 458 is divided by 92.
90
Calculate the remainder when 573 is divided by 203.
167
What is the remainder when 9823 is divided by 36?
31
What is the remainder when 183 is divided by 93?
90
Calculate the remainder when 171 is divided by 44.
39
Calculate the remainder when 348 is divided by 77.
40
Calculate the remainder when 36 is divided by 14.
8
Calculate the remainder when 511 is divided by 494.
17
Calculate the remainder when 434 is divided by 43.
4
Calculate the remainder when 77 is divided by 32.
13
What is the remainder when 259 is divided by 137?
122
What is the remainder when 235 is divided by 15?
10
Calculate the remainder when 14002 is divided by 6.
4
Calculate the remainder when 240 is divided by 103.
34
What is the remainder when 59 is divided by 17?
8
Calculate the remainder when 753 is divided by 11.
5
Calculate the remainder when 521 is divided by 179.
163
What is the remainder when 90 is divided by 82?
8
What is the remainder when 192 is divided by 60?
12
What is the remainder when 1211 is divided by 27?
23
What is the remainder when 610 is divided by 33?
16
Calculate the remainder when 111 is divided by 56.
55
Calcula